at are the prime factors of 2646?
2, 3, 7
What are the prime factors of 12686?
2, 6343
What are the prime factors of 4310?
2, 5, 431
List the prime factors of 9237.
3, 3079
List the prime factors of 6269.
6269
List the prime factors of 3392.
2, 53
List the prime factors of 40591.
40591
List the prime factors of 2974.
2, 1487
List the prime factors of 1188.
2, 3, 11
What are the prime factors of 1123?
1123
What are the prime factors of 30564?
2, 3, 283
List the prime factors of 14691.
3, 59, 83
What are the prime factors of 76679?
76679
List the prime factors of 68100.
2, 3, 5, 227
List the prime factors of 3963.
3, 1321
What are the prime factors of 103061?
7, 14723
What are the prime factors of 2788?
2, 17, 41
What are the prime factors of 20342?
2, 7, 1453
List the prime factors of 448.
2, 7
What are the prime factors of 1646?
2, 823
List the prime factors of 11934.
2, 3, 13, 17
List the prime factors of 4464.
2, 3, 31
List the prime factors of 1195.
5, 239
List the prime factors of 1754.
2, 877
List the prime factors of 4259.
4259
What are the prime factors of 2314?
2, 13, 89
What are the prime factors of 745?
5, 149
What are the prime factors of 7462?
2, 7, 13, 41
List the prime factors of 11757.
3, 3919
List the prime factors of 74299.
191, 389
List the prime factors of 107978.
2, 13, 4153
List the prime factors of 1356.
2, 3, 113
What are the prime factors of 1426?
2, 23, 31
List the prime factors of 4629.
3, 1543
What are the prime factors of 95812?
2, 17, 1409
List the prime factors of 1020.
2, 3, 5, 17
List the prime factors of 977.
977
List the prime factors of 18636.
2, 3, 1553
What are the prime factors of 134660?
2, 5, 6733
What are the prime factors of 943?
23, 41
What are the prime factors of 11435?
5, 2287
List the prime factors of 137699.
137699
List the prime factors of 8973.
3, 997
List the prime factors of 66418.
2, 11, 3019
What are the prime factors of 550?
2, 5, 11
What are the prime factors of 50855?
5, 7, 1453
What are the prime factors of 8444?
2, 2111
List the prime factors of 3126.
2, 3, 521
List the prime factors of 3161.
29, 109
List the prime factors of 46848.
2, 3, 61
What are the prime factors of 2052?
2, 3, 19
What are the prime factors of 4788?
2, 3, 7, 19
List the prime factors of 16556.
2, 4139
List the prime factors of 153855.
3, 5, 13, 263
What are the prime factors of 29450?
2, 5, 19, 31
List the prime factors of 1095.
3, 5, 73
List the prime factors of 56250.
2, 3, 5
List the prime factors of 40586.
2, 7, 13, 223
List the prime factors of 1223.
1223
What are the prime factors of 2728?
2, 11, 31
List the prime factors of 1834.
2, 7, 131
What are the prime factors of 1026?
2, 3, 19
List the prime factors of 31704.
2, 3, 1321
What are the prime factors of 14335?
5, 47, 61
List the prime factors of 3663.
3, 11, 37
List the prime factors of 266.
2, 7, 19
List the prime factors of 327.
3, 109
List the prime factors of 84340.
2, 5, 4217
List the prime factors of 13310.
2, 5, 11
List the prime factors of 4444.
2, 11, 101
What are the prime factors of 987?
3, 7, 47
What are the prime factors of 38337?
3, 13, 983
What are the prime factors of 438?
2, 3, 73
List the prime factors of 3485.
5, 17, 41
What are the prime factors of 15334?
2, 11, 17, 41
What are the prime factors of 503?
503
List the prime factors of 52557.
3, 17519
List the prime factors of 64721.
61, 1061
What are the prime factors of 5636?
2, 1409
What are the prime factors of 510?
2, 3, 5, 17
What are the prime factors of 47?
47
What are the prime factors of 3383?
17, 199
List the prime factors of 3987.
3, 443
What are the prime factors of 22346?
2, 11173
What are the prime factors of 193843?
13, 31, 37
What are the prime factors of 55830?
2, 3, 5, 1861
What are the prime factors of 19092?
2, 3, 37, 43
List the prime factors of 1397.
11, 127
List the prime factors of 42031.
11, 3821
What are the prime factors of 7962?
2, 3, 1327
What are the prime factors of 3860?
2, 5, 193
List the prime factors of 285.
3, 5, 19
What are the prime factors of 49332?
2, 3, 4111
What are the prime factors of 2930?
2, 5, 293
What are the prime factors of 111771?
3, 11, 1129
What are the prime factors of 2866?
2, 1433
What are the prime factors of 4381?
13, 337
List the prime factors of 82264.
2, 7, 13, 113
What are the prime factors of 4605?
3, 5, 307
What are the prime factors of 504?
2, 3, 7
List the prime factors of 2595.
3, 5, 173
List the prime factors of 77217.
3, 7, 3677
List the prime factors of 7916.
2, 1979
List the prime factors of 143638.
2, 11, 6529
List the prime factors of 1364.
2, 11, 31
List the prime factors of 24533.
24533
List the prime factors of 81869.
81869
List the prime factors of 605.
5, 11
List the prime factors of 994.
2, 7, 71
What are the prime factors of 14467?
17, 23, 37
What are the prime factors of 1008?
2, 3, 7
List the prime factors of 35026.
2, 83, 211
List the prime factors of 20964.
2, 3, 1747
What are the prime factors of 30?
2, 3, 5
List the prime factors of 12663.
3, 7, 67
List the prime factors of 52129.
7, 11, 677
What are the prime factors of 43108?
2, 13, 829
What are the prime factors of 15787?
15787
List the prime factors of 439.
439
List the prime factors of 1285.
5, 257
What are the prime factors of 71007?
3, 23669
What are the prime factors of 107841?
3, 103, 349
What are the prime factors of 23143?
23143
List the prime factors of 15292.
2, 3823
List the prime factors of 11726.
2, 11, 13, 41
What are the prime factors of 1735?
5, 347
List the prime factors of 5252.
2, 13, 101
What are the prime factors of 8342?
2, 43, 97
List the prime factors of 63899.
11, 37, 157
List the prime factors of 25776.
2, 3, 179
List the prime factors of 4392.
2, 3, 61
What are the prime factors of 1012?
2, 11, 23
What are the prime factors of 925?
5, 37
What are the prime factors of 22238?
2, 11119
What are the prime factors of 2154?
2, 3, 359
List the prime factors of 2238.
2, 3, 373
What are the prime factors of 25230?
2, 3, 5, 29
What are the prime factors of 5487?
3, 31, 59
What are the prime factors of 588?
2, 3, 7
List the prime factors of 773.
773
What are the prime factors of 49348?
2, 13, 73
What are the prime factors of 8146?
2, 4073
What are the prime factors of 59962?
2, 7, 4283
List the prime factors of 32102.
2, 7, 2293
List the prime factors of 32835.
3, 5, 11, 199
What are the prime factors of 6793?
6793
List the prime factors of 26646.
2, 3, 4441
List the prime factors of 1883.
7, 269
What are the prime factors of 122081?
122081
List the prime factors of 985.
5, 197
List the prime factors of 13680.
2, 3, 5, 19
List the prime factors of 2553.
3, 23, 37
What are the prime factors of 5664?
2, 3, 59
List the prime factors of 12490.
2, 5, 1249
List the prime factors of 5532.
2, 3, 461
What are the prime factors of 648?
2, 3
What are the prime factors of 645?
3, 5, 43
What are the prime factors of 1511?
1511
List the prime factors of 127990.
2, 5, 12799
List the prime factors of 1451.
1451
What are the prime factors of 166980?
2, 3, 5, 11, 23
List the prime factors of 209.
11, 19
List the prime factors of 1085.
5, 7, 31
List the prime factors of 822.
2, 3, 137
List the prime factors of 48820.
2, 5, 2441
List the prime factors of 12987.
3, 13, 37
List the prime factors of 131774.
2, 41, 1607
What are the prime factors of 695?
5, 139
What are the prime factors of 2021?
43, 47
What are the prime factors of 6386?
2, 31, 103
What are the prime factors of 51166?
2, 25583
List the prime factors of 19526.
2, 13, 751
What are the prime factors of 7379?
47, 157
List the prime factors of 14787.
3, 31, 53
What are the prime factors of 25?
5
List the prime factors of 2192.
2, 137
What are the prime factors of 17489?
17489
What are the prime factors of 75731?
75731
List the prime factors of 468.
2, 3, 13
List the prime factors of 22148.
2, 7, 113
List the prime factors of 501.
3, 167
What are the prime factors of 7662?
2, 3, 1277
What are the prime factors of 71139?
3, 23, 1031
List the prime factors of 2649.
3, 883
What are the prime factors of 25105?
5, 5021
List the prime factors of 22400.
2, 5, 7
List the prime factors of 31136.
2, 7, 139
List the prime factors of 1961.
37, 53
List the prime factors of 10920.
2, 3, 5, 7, 13
List the